alculate the greatest common divisor of j and z.
12
Let u = -80 + 120. Suppose 3*l - 26 = -0*l + r, -5*l = 4*r - 66. What is the highest common divisor of u and l?
10
Let b = 23 + -13. Suppose b - 224 = 2*k. Let c = k + 219. What is the greatest common divisor of 16 and c?
16
Let a(w) = -w - 3. Let z be a(-7). Suppose 3 + 5 = z*h. Suppose -256 = -h*v - 80. What is the highest common divisor of 11 and v?
11
Let o(z) = -z**2 - 6*z + 21. Let u = 56 - 64. Let t be o(u). Calculate the highest common factor of 45 and t.
5
Let u be (-2)/10 - (-61)/5. Suppose -4*y - 5*v = 13, y = -4*v - u - 5. Let x be (-59 + -1 + -3)*(-1)/3. What is the greatest common factor of x and y?
3
Let k = -92 - -233. Let m = 545 + k. Suppose -m = -4*h + 898. Calculate the highest common factor of 44 and h.
44
Let d(r) = -r. Let w be d(-6). Suppose 3*v = -4*h + 189, w*v = -5*h + 7*v + 241. What is the greatest common divisor of h and 64?
16
Let f be ((980/(-21))/14)/(1/(-357)). Calculate the greatest common factor of 70 and f.
70
Suppose -6*p - 167 + 995 = 0. Let i = p - 129. What is the highest common divisor of 9 and i?
9
Let r = -60 - -94. Suppose -2*h = -200 - 140. Suppose h = -5*n + 7*n. What is the highest common divisor of n and r?
17
Let k(o) = 10*o - 1. Let x be k(7). Suppose h = -0*h + x. Suppose 3*q + h = 4*z, -3*z + 32 = -3*q - 19. Calculate the highest common divisor of z and 54.
18
Let g be (-8)/(-3)*60/16. Let b(j) = -3*j**3 - 2*j**2 + 70. Let m be b(0). What is the greatest common factor of m and g?
10
Let v(q) = 3*q**2 - 2*q + 1. Let t be v(1). Let n(u) = -t*u + 5 - 11 + u - 2*u + u**2. Let i be n(6). Calculate the highest common factor of i and 96.
12
Suppose 66*b - 425 = 301. What is the highest common divisor of b and 3553?
11
Let j = 0 + -2. Let p be (2/(-4) + -1)*j. Suppose -p*i + 7*i = 384. What is the highest common divisor of 12 and i?
12
Let m(g) = 6*g + 41. Let k be m(-6). Suppose 0*p + 5 = 3*w + 2*p, -3*p - 21 = -5*w. Calculate the highest common factor of k and w.
1
Suppose -3*y - f + 46 = 0, 2*y + 5*f - 27 + 5 = 0. Suppose 5*r + 64 = r. Let d = -12 - r. Calculate the greatest common divisor of d and y.
4
Let c(h) = -9*h - 3. Suppose 3*m - 14 = 4*w - 1, -3*m = 15. Let o be c(w). Calculate the highest common divisor of 20 and o.
20
Let n be (-29)/(-7) + (-2)/14. Suppose -5*z + 4*d + 29 = 0, 3 = 5*z + n*d - 58. Suppose 0 = z*t - 8*t - 7. What is the highest common divisor of t and 56?
7
Let d = 935 - 487. What is the greatest common divisor of d and 42?
14
Let n be ((-27)/6)/((-3)/6). Let z = n - -6. Let m = -92 - -152. What is the highest common factor of m and z?
15
Let s(d) = 6*d**3 + 2*d**2 + d + 4. Let h be s(3). Let v = 9 - 15. Let r(g) = -4*g - 7. Let p be r(v). Calculate the highest common factor of h and p.
17
Suppose -305 - 127 = -6*b. What is the highest common factor of b and 45?
9
Suppose -24*i = -29*i + 1040. Let y = i - 117. Let j be 1/((4/26)/2). What is the highest common divisor of j and y?
13
Let h be (-25)/5 - (-5)/(10/34). Calculate the greatest common factor of 30 and h.
6
Let a be (-6)/12*-3*(1 + 221). Calculate the greatest common factor of a and 37.
37
Let f be (-3 - 1)/(5/(-70)). What is the highest common divisor of 7 and f?
7
Suppose 5*s - 4*g + 8 = 0, -5*g + 1 + 9 = -2*s. Suppose -5*k + 20 = s, 3*k = 3*f + 2*k - 5. Calculate the greatest common divisor of 18 and f.
3
Suppose -5*f = 20 + 5, 3*f + 12 = -q. Let r = 32 - 17. Calculate the greatest common factor of q and r.
3
Suppose 345 = 5*x + 3*z + 2*z, -5*z - 285 = -4*x. Let n be 6/(-24) + x/(-8). Let b be (n/(-6))/(6/32). What is the highest common factor of 8 and b?
8
Let w = -9 - -21. Let x be 7/(-7) - (-32 + (8 + -3 - -2)). What is the greatest common factor of x and w?
12
Suppose 0 = -3*a - 11 - 1. Let v be a/14 - (-6280)/(-70). Let t be (46/115)/((-2)/v). Calculate the greatest common factor of t and 72.
18
Suppose 8*z - 4*z + 80 = 0. Let i be -3 + ((-189)/(-12) - 5/z). Calculate the greatest common factor of i and 2.
1
Suppose -14*c = -19*c + 20, 0 = -4*d - 3*c + 108. Suppose 3*z + 2*l - 114 + 12 = 0, 0 = -3*z + 4*l + 120. Calculate the highest common divisor of z and d.
12
Let h(b) = -b**2 - 104 + 113 + 23*b + 4*b**2. Let d be h(-9). What is the greatest common divisor of 30 and d?
15
Suppose -3*m = -4*m. Let h(j) = j**3 + 18. Let u be h(m). Calculate the greatest common factor of 2 and u.
2
Let y(q) = q**3 + 6*q**2 - 38*q + 21. Let u be y(-10). What is the greatest common factor of 2 and u?
1
Let x = 2179 - 1899. Calculate the greatest common factor of 308 and x.
28
Suppose -5*x - 3*k + 49 = -4*k, -2*x + 3*k = -30. Let j(a) = -a**3 + 9*a**2 + 2*a - 4. Let g be j(x). Calculate the highest common factor of g and 70.
14
Let o be ((-572)/10)/(7 - 426/60). What is the highest common factor of o and 44?
44
Suppose 0*o + o = 80. Let n(p) = p**2 - 11*p - 280. Let w be n(-13). Calculate the greatest common factor of w and o.
16
Let x = 482 + -453. Calculate the greatest common factor of x and 232.
29
Let r be (-65)/(-5) + (-12)/4. Suppose r*z + 2470 = 29*z. Let p(n) = 6*n**2 - 2*n - 2. Let a be p(-2). Calculate the highest common divisor of a and z.
26
Let v be (-7)/(-14) + 30/4. Suppose -v*w = -w - 112. Calculate the highest common divisor of 144 and w.
16
Let z be (3/21 + (-113)/7)*-1. Let g = -27 + 75. Calculate the greatest common divisor of z and g.
16
Let n be ((-16)/(-10) - 1)*10. Let a(c) = -c**2 + 8*c - 4. Let v be a(n). Let m be (-5 - -1)/v*-8. Calculate the highest common factor of m and 32.
4
Let w(d) = d**3 - 10*d - 5. Let k be w(4). Let g be -7*(2 - 1)*-19. What is the greatest common factor of k and g?
19
Suppose 2*c + 3*c = -20. Let m(l) = -22*l - 4. Let x be m(c). Suppose 9 = y + 5*k - 8, k = -y + 13. Calculate the highest common factor of y and x.
12
Let y(h) = h**3 - 110*h + 326. Let x be y(3). Let z = 40 + 6. Calculate the greatest common factor of x and z.
23
Let n(s) = -s**2 - 2*s + 3. Let l be 9/(-21) + 120/35. Let p be n(l). Let f be ((-21)/p)/((-7)/(-112)). What is the highest common factor of f and 70?
14
Let z = -375 - -697. Calculate the highest common divisor of 14 and z.
14
Suppose -2*p = -1 - 7. Suppose -4*t - 2*g = -12, t + 3*g = -p - 3. Let x = t - 0. Calculate the highest common factor of x and 2.
1
Let a = 21 - 19. Suppose 3*c + 7 + 10 = -f, 5*c = -3*f - 35. Let x be (a/4 - 4)*c. Calculate the greatest common factor of x and 35.
7
Let j(h) = 2*h**2 - h + 5. Let p be j(-2). Let o be ((-63)/(-5))/3 + 12/p. What is the greatest common factor of 5 and o?
5
Let i = 1141 - 1135. Calculate the greatest common factor of i and 81.
3
Suppose -91*y = -6189 - 5641. Calculate the highest common factor of y and 78.
26
Let w be (-1040)/(-180) - (-1 - (-14)/18). Suppose 5*a + 5*s = -2 + 257, -2*a = -4*s - 120. Calculate the greatest common divisor of w and a.
6
Let w(y) = y**3 - 3*y**2 + 4*y + 3. Let v be w(4). Suppose -7*i = -11*i + 92. Let h = i - 9. What is the highest common factor of v and h?
7
Let g(k) = 6*k**2 + 12*k - 21. Let z be g(-10). Suppose -11*d - 41 = -z. Calculate the greatest common factor of 418 and d.
38
Let f = -306 + 208. Let w = -70 - f. Calculate the highest common divisor of w and 4.
4
Let t(p) = 32*p. Let y(b) = -31*b + 1. Let q(k) = 5*t(k) + 6*y(k). Let m be q(-4). What is the highest common factor of m and 10?
10
Let j = 97 + -59. Calculate the highest common factor of j and 722.
38
Let a be (40/(-5))/(-4) - -31. What is the highest common factor of 3 and a?
3
Suppose 0 = 2*v - 20 - 44. Suppose g + v - 92 = 0. Calculate the highest common factor of 15 and g.
15
Let h(t) = 2*t + 1. Let p be h(2). Calculate the highest common factor of p and 105.
5
Let k = 277 - 149. Let a = k + 9. Suppose 5*i - 63 = a. What is the greatest common factor of i and 16?
8
Suppose -6*h = -14*h + 360. What is the greatest common factor of h and 72?
9
Let r = 13 - 4. Let s(v) = v**3 - 6*v**2 + 9*v + 2. Let t be s(r). Suppose -2*u - 4*c = -t, -5 = -3*c - 2*c. Calculate the greatest common divisor of u and 23.
23
Suppose 244 = 3*i + 19. Suppose 6*l - 45 - i = 0. Calculate the highest common divisor of l and 8.
4
Let f(m) = -m + 33. Suppose 5*b = -5*a, 0*a + a = -5*b. Let o be f(a). What is the greatest common factor of o and 11?
11
Suppose 460 = -